[INFO] cloning repository https://github.com/lrowe/embed-rs
[INFO] running `Command { std: "git" "-c" "credential.helper=" "-c" "credential.helper=/workspace/cargo-home/bin/git-credential-null" "clone" "--bare" "https://github.com/lrowe/embed-rs" "/workspace/cache/git-repos/https%3A%2F%2Fgithub.com%2Flrowe%2Fembed-rs", kill_on_drop: false }`
[INFO] [stderr] Cloning into bare repository '/workspace/cache/git-repos/https%3A%2F%2Fgithub.com%2Flrowe%2Fembed-rs'...
[INFO] running `Command { std: "git" "rev-parse" "HEAD", kill_on_drop: false }`
[INFO] [stdout] aa6492b9683f256edcc3b5e125d848d909cad01d
[INFO] checking lrowe/embed-rs against master#af3c6e733a40e671550e0f0f5aeecaa13772ba56 for pr-74989
[INFO] running `Command { std: "git" "clone" "/workspace/cache/git-repos/https%3A%2F%2Fgithub.com%2Flrowe%2Fembed-rs" "/workspace/builds/worker-9/source", kill_on_drop: false }`
[INFO] [stderr] Cloning into '/workspace/builds/worker-9/source'...
[INFO] [stderr] done.
[INFO] validating manifest of git repo https://github.com/lrowe/embed-rs on toolchain af3c6e733a40e671550e0f0f5aeecaa13772ba56
[INFO] running `Command { std: "/workspace/cargo-home/bin/cargo" "+af3c6e733a40e671550e0f0f5aeecaa13772ba56" "read-manifest" "--manifest-path" "Cargo.toml", kill_on_drop: false }`
[INFO] started tweaking git repo https://github.com/lrowe/embed-rs
[INFO] finished tweaking git repo https://github.com/lrowe/embed-rs
[INFO] tweaked toml for git repo https://github.com/lrowe/embed-rs written to /workspace/builds/worker-9/source/Cargo.toml
[INFO] crate git repo https://github.com/lrowe/embed-rs already has a lockfile, it will not be regenerated
[INFO] running `Command { std: "/workspace/cargo-home/bin/cargo" "+af3c6e733a40e671550e0f0f5aeecaa13772ba56" "fetch" "--locked" "--manifest-path" "Cargo.toml", kill_on_drop: false }`
[INFO] [stderr]     Blocking waiting for file lock on package cache
[INFO] [stderr]     Blocking waiting for file lock on package cache
[INFO] running `Command { std: "docker" "create" "-v" "/var/lib/crater-agent-workspace/builds/worker-9/target:/opt/rustwide/target:rw,Z" "-v" "/var/lib/crater-agent-workspace/builds/worker-9/source:/opt/rustwide/workdir:ro,Z" "-v" "/var/lib/crater-agent-workspace/cargo-home:/opt/rustwide/cargo-home:ro,Z" "-v" "/var/lib/crater-agent-workspace/rustup-home:/opt/rustwide/rustup-home:ro,Z" "-e" "SOURCE_DIR=/opt/rustwide/workdir" "-e" "CARGO_TARGET_DIR=/opt/rustwide/target" "-e" "CARGO_HOME=/opt/rustwide/cargo-home" "-e" "RUSTUP_HOME=/opt/rustwide/rustup-home" "-w" "/opt/rustwide/workdir" "-m" "1610612736" "--user" "0:0" "--network" "none" "rustops/crates-build-env@sha256:d92eaeed33fa75130ca1ee6c8a01d1ffb62bac859dfdfb3450e3e5d1c0146529" "/opt/rustwide/cargo-home/bin/cargo" "+af3c6e733a40e671550e0f0f5aeecaa13772ba56" "metadata" "--no-deps" "--format-version=1", kill_on_drop: false }`
[INFO] [stdout] d1e878f91d37314b0cc2b5888657f0f3c722e02668cf7802b86bfabdd5a16dc9
[INFO] [stderr] WARNING: Your kernel does not support swap limit capabilities or the cgroup is not mounted. Memory limited without swap.
[INFO] running `Command { std: "docker" "start" "-a" "d1e878f91d37314b0cc2b5888657f0f3c722e02668cf7802b86bfabdd5a16dc9", kill_on_drop: false }`
[INFO] running `Command { std: "docker" "inspect" "d1e878f91d37314b0cc2b5888657f0f3c722e02668cf7802b86bfabdd5a16dc9", kill_on_drop: false }`
[INFO] running `Command { std: "docker" "rm" "-f" "d1e878f91d37314b0cc2b5888657f0f3c722e02668cf7802b86bfabdd5a16dc9", kill_on_drop: false }`
[INFO] [stdout] d1e878f91d37314b0cc2b5888657f0f3c722e02668cf7802b86bfabdd5a16dc9
[INFO] running `Command { std: "docker" "create" "-v" "/var/lib/crater-agent-workspace/builds/worker-9/target:/opt/rustwide/target:rw,Z" "-v" "/var/lib/crater-agent-workspace/builds/worker-9/source:/opt/rustwide/workdir:ro,Z" "-v" "/var/lib/crater-agent-workspace/cargo-home:/opt/rustwide/cargo-home:ro,Z" "-v" "/var/lib/crater-agent-workspace/rustup-home:/opt/rustwide/rustup-home:ro,Z" "-e" "SOURCE_DIR=/opt/rustwide/workdir" "-e" "CARGO_TARGET_DIR=/opt/rustwide/target" "-e" "CARGO_INCREMENTAL=0" "-e" "RUST_BACKTRACE=full" "-e" "RUSTFLAGS=--cap-lints=forbid" "-e" "CARGO_HOME=/opt/rustwide/cargo-home" "-e" "RUSTUP_HOME=/opt/rustwide/rustup-home" "-w" "/opt/rustwide/workdir" "-m" "1610612736" "--user" "0:0" "--network" "none" "rustops/crates-build-env@sha256:d92eaeed33fa75130ca1ee6c8a01d1ffb62bac859dfdfb3450e3e5d1c0146529" "/opt/rustwide/cargo-home/bin/cargo" "+af3c6e733a40e671550e0f0f5aeecaa13772ba56" "check" "--frozen" "--all" "--all-targets" "--message-format=json", kill_on_drop: false }`
[INFO] [stdout] f1936d97fcd25f01534476d7f12162784c26ec9c2bfe7a698f4c1a03d2e92e0f
[INFO] [stderr] WARNING: Your kernel does not support swap limit capabilities or the cgroup is not mounted. Memory limited without swap.
[INFO] running `Command { std: "docker" "start" "-a" "f1936d97fcd25f01534476d7f12162784c26ec9c2bfe7a698f4c1a03d2e92e0f", kill_on_drop: false }`
[INFO] [stderr]    Compiling syn v1.0.18
[INFO] [stderr]    Compiling byteorder v1.3.4
[INFO] [stderr]     Checking lazy_static v1.4.0
[INFO] [stderr]     Checking unicode-width v0.1.7
[INFO] [stderr]     Checking vec_map v0.8.1
[INFO] [stderr]     Checking ansi_term v0.11.0
[INFO] [stderr]     Checking itoa v0.4.5
[INFO] [stderr]     Checking strsim v0.8.0
[INFO] [stderr]    Compiling lmdb-rkv-sys v0.11.0
[INFO] [stderr]    Compiling proc-macro2 v1.0.10
[INFO] [stderr]     Checking serde-transcode v1.1.0
[INFO] [stderr]     Checking atty v0.2.14
[INFO] [stderr]    Compiling debug_stub_derive v0.3.0
[INFO] [stderr]     Checking thread_local v1.0.1
[INFO] [stderr]     Checking textwrap v0.11.0
[INFO] [stderr]     Checking serde_json v1.0.52
[INFO] [stderr]     Checking clap v2.33.0
[INFO] [stderr]     Checking regex v1.3.7
[INFO] [stderr]    Compiling quote v1.0.3
[INFO] [stderr]     Checking env_logger v0.7.1
[INFO] [stderr]     Checking lmdb-rkv v0.14.0
[INFO] [stderr]    Compiling num_enum_derive v0.4.3
[INFO] [stderr]    Compiling derivative v2.1.1
[INFO] [stderr]    Compiling serde_derive v1.0.106
[INFO] [stderr]     Checking num_enum v0.4.3
[INFO] [stderr]     Checking flexbuffers v0.1.0
[INFO] [stderr]     Checking embed v0.1.0 (/opt/rustwide/workdir)
[INFO] [stdout] error[E0277]: the trait bound `flexbuffers::Builder: serde::de::Deserialize<'_>` is not satisfied
[INFO] [stdout]     --> src/bin/convert.rs:19:27
[INFO] [stdout]      |
[INFO] [stdout] 19   |                 "json" => serde_json::from_slice(&buf_in)?,
[INFO] [stdout]      |                           ^^^^^^^^^^^^^^^^^^^^^^ the trait `serde::de::Deserialize<'_>` is not implemented for `flexbuffers::Builder`
[INFO] [stdout]      | 
[INFO] [stdout]     ::: /opt/rustwide/cargo-home/registry/src/github.com-1ecc6299db9ec823/serde_json-1.0.52/src/de.rs:2355:8
[INFO] [stdout]      |
[INFO] [stdout] 2355 |     T: de::Deserialize<'a>,
[INFO] [stdout]      |        ------------------- required by this bound in `serde_json::from_slice`
[INFO] [stdout] 
[INFO] [stdout] 
[INFO] [stdout] error[E0277]: the trait bound `flexbuffers::Builder: serde::de::Deserialize<'_>` is not satisfied
[INFO] [stdout]   --> src/bin/convert.rs:20:33
[INFO] [stdout]    |
[INFO] [stdout] 20 |                 "flexbuffer" => flexbuffers::from_slice(&buf_in).unwrap(),
[INFO] [stdout]    |                                 ^^^^^^^^^^^^^^^^^^^^^^^ the trait `serde::de::Deserialize<'_>` is not implemented for `flexbuffers::Builder`
[INFO] [stdout]    | 
[INFO] [stdout]   ::: /opt/rustwide/cargo-home/registry/src/github.com-1ecc6299db9ec823/flexbuffers-0.1.0/src/lib.rs:73:27
[INFO] [stdout]    |
[INFO] [stdout] 73 | pub fn from_slice<'de, T: Deserialize<'de>>(buf: &'de [u8]) -> Result<T, DeserializationError> {
[INFO] [stdout]    |                           ---------------- required by this bound in `flexbuffers::from_slice`
[INFO] [stdout] 
[INFO] [stdout] 
[INFO] [stdout] error[E0277]: the trait bound `flexbuffers::Reader<'_>: serde::ser::Serialize` is not satisfied
[INFO] [stdout]     --> src/bin/convert.rs:28:46
[INFO] [stdout]      |
[INFO] [stdout] 28   |                 "json" => serde_json::to_vec(&reader)?,
[INFO] [stdout]      |                                              ^^^^^^^ the trait `serde::ser::Serialize` is not implemented for `flexbuffers::Reader<'_>`
[INFO] [stdout]      | 
[INFO] [stdout]     ::: /opt/rustwide/cargo-home/registry/src/github.com-1ecc6299db9ec823/serde_json-1.0.52/src/ser.rs:2192:17
[INFO] [stdout]      |
[INFO] [stdout] 2192 |     T: ?Sized + Serialize,
[INFO] [stdout]      |                 --------- required by this bound in `serde_json::to_vec`
[INFO] [stdout] 
[INFO] [stdout] 
[INFO] [stdout] error[E0277]: the trait bound `flexbuffers::Reader<'_>: serde::ser::Serialize` is not satisfied
[INFO] [stdout]   --> src/bin/convert.rs:29:53
[INFO] [stdout]    |
[INFO] [stdout] 29 |                 "flexbuffer" => flexbuffers::to_vec(&reader).unwrap(),
[INFO] [stdout]    |                                                     ^^^^^^^ the trait `serde::ser::Serialize` is not implemented for `flexbuffers::Reader<'_>`
[INFO] [stdout]    | 
[INFO] [stdout]   ::: /opt/rustwide/cargo-home/registry/src/github.com-1ecc6299db9ec823/flexbuffers-0.1.0/src/lib.rs:67:18
[INFO] [stdout]    |
[INFO] [stdout] 67 | pub fn to_vec<T: Serialize>(x: T) -> Result<Vec<u8>, SerializationError> {
[INFO] [stdout]    |                  --------- required by this bound in `flexbuffers::to_vec`
[INFO] [stdout]    |
[INFO] [stdout]    = note: required because of the requirements on the impl of `serde::ser::Serialize` for `&flexbuffers::Reader<'_>`
[INFO] [stdout] 
[INFO] [stdout] 
[INFO] [stdout] error: aborting due to 4 previous errors
[INFO] [stdout] 
[INFO] [stdout] 
[INFO] [stdout] For more information about this error, try `rustc --explain E0277`.
[INFO] [stdout] 
[INFO] [stderr] error: could not compile `embed`.
[INFO] [stderr] 
[INFO] [stderr] To learn more, run the command again with --verbose.
[INFO] [stderr] warning: build failed, waiting for other jobs to finish...
[INFO] [stdout] error[E0277]: the trait bound `flexbuffers::Builder: serde::de::Deserialize<'_>` is not satisfied
[INFO] [stdout]     --> src/bin/convert.rs:19:27
[INFO] [stdout]      |
[INFO] [stdout] 19   |                 "json" => serde_json::from_slice(&buf_in)?,
[INFO] [stdout]      |                           ^^^^^^^^^^^^^^^^^^^^^^ the trait `serde::de::Deserialize<'_>` is not implemented for `flexbuffers::Builder`
[INFO] [stdout]      | 
[INFO] [stdout]     ::: /opt/rustwide/cargo-home/registry/src/github.com-1ecc6299db9ec823/serde_json-1.0.52/src/de.rs:2355:8
[INFO] [stdout]      |
[INFO] [stdout] 2355 |     T: de::Deserialize<'a>,
[INFO] [stdout]      |        ------------------- required by this bound in `serde_json::from_slice`
[INFO] [stdout] 
[INFO] [stdout] 
[INFO] [stdout] error[E0277]: the trait bound `flexbuffers::Builder: serde::de::Deserialize<'_>` is not satisfied
[INFO] [stdout]   --> src/bin/convert.rs:20:33
[INFO] [stdout]    |
[INFO] [stdout] 20 |                 "flexbuffer" => flexbuffers::from_slice(&buf_in).unwrap(),
[INFO] [stdout]    |                                 ^^^^^^^^^^^^^^^^^^^^^^^ the trait `serde::de::Deserialize<'_>` is not implemented for `flexbuffers::Builder`
[INFO] [stdout]    | 
[INFO] [stdout]   ::: /opt/rustwide/cargo-home/registry/src/github.com-1ecc6299db9ec823/flexbuffers-0.1.0/src/lib.rs:73:27
[INFO] [stdout]    |
[INFO] [stdout] 73 | pub fn from_slice<'de, T: Deserialize<'de>>(buf: &'de [u8]) -> Result<T, DeserializationError> {
[INFO] [stdout]    |                           ---------------- required by this bound in `flexbuffers::from_slice`
[INFO] [stdout] 
[INFO] [stdout] 
[INFO] [stdout] error[E0277]: the trait bound `flexbuffers::Reader<'_>: serde::ser::Serialize` is not satisfied
[INFO] [stdout]     --> src/bin/convert.rs:28:46
[INFO] [stdout]      |
[INFO] [stdout] 28   |                 "json" => serde_json::to_vec(&reader)?,
[INFO] [stdout]      |                                              ^^^^^^^ the trait `serde::ser::Serialize` is not implemented for `flexbuffers::Reader<'_>`
[INFO] [stdout]      | 
[INFO] [stdout]     ::: /opt/rustwide/cargo-home/registry/src/github.com-1ecc6299db9ec823/serde_json-1.0.52/src/ser.rs:2192:17
[INFO] [stdout]      |
[INFO] [stdout] 2192 |     T: ?Sized + Serialize,
[INFO] [stdout]      |                 --------- required by this bound in `serde_json::to_vec`
[INFO] [stdout] 
[INFO] [stdout] 
[INFO] [stdout] error[E0277]: the trait bound `flexbuffers::Reader<'_>: serde::ser::Serialize` is not satisfied
[INFO] [stdout]   --> src/bin/convert.rs:29:53
[INFO] [stdout]    |
[INFO] [stdout] 29 |                 "flexbuffer" => flexbuffers::to_vec(&reader).unwrap(),
[INFO] [stdout]    |                                                     ^^^^^^^ the trait `serde::ser::Serialize` is not implemented for `flexbuffers::Reader<'_>`
[INFO] [stdout]    | 
[INFO] [stdout]   ::: /opt/rustwide/cargo-home/registry/src/github.com-1ecc6299db9ec823/flexbuffers-0.1.0/src/lib.rs:67:18
[INFO] [stdout]    |
[INFO] [stdout] 67 | pub fn to_vec<T: Serialize>(x: T) -> Result<Vec<u8>, SerializationError> {
[INFO] [stdout]    |                  --------- required by this bound in `flexbuffers::to_vec`
[INFO] [stdout]    |
[INFO] [stdout]    = note: required because of the requirements on the impl of `serde::ser::Serialize` for `&flexbuffers::Reader<'_>`
[INFO] [stdout] 
[INFO] [stdout] 
[INFO] [stdout] error: aborting due to 4 previous errors
[INFO] [stdout] 
[INFO] [stdout] 
[INFO] [stdout] For more information about this error, try `rustc --explain E0277`.
[INFO] [stdout] 
[INFO] [stderr] error: build failed
[INFO] running `Command { std: "docker" "inspect" "f1936d97fcd25f01534476d7f12162784c26ec9c2bfe7a698f4c1a03d2e92e0f", kill_on_drop: false }`
[INFO] running `Command { std: "docker" "rm" "-f" "f1936d97fcd25f01534476d7f12162784c26ec9c2bfe7a698f4c1a03d2e92e0f", kill_on_drop: false }`
[INFO] [stdout] f1936d97fcd25f01534476d7f12162784c26ec9c2bfe7a698f4c1a03d2e92e0f
